 5 = -0*t. Let v(o) = t*l(o) + z(o). Determine v(-6).
3
Let w = 49 - 289/6. Let g(b) be the second derivative of 1/12*b**4 + 0 - 2*b**2 - b + w*b**3. Calculate g(-6).
2
Suppose 0*m - 35 = -5*m. Let t = 0 + 3. Suppose 4*b = 5*v + m, -2 + 5 = v - t*b. Let c(p) = 2*p**2 + 3*p - 2. Determine c(v).
7
Let w(o) = -9 - 6*o**2 + 5 - 2*o + 7*o**2 - 2*o. Calculate w(4).
-4
Let n(g) be the first derivative of g**2 + 5*g + 24. Determine n(5).
15
Suppose -3*p + 3*f - 12 = 0, -4*p + 0*p + 8 = 4*f. Let o(u) = -7*u. What is o(p)?
7
Let u = 1 + 1. Let g(c) = 2*c + 3. Let j(x) = 8*x + 12. Let h(b) = u*j(b) - 9*g(b). Determine h(-2).
1
Let y(o) = -o - 6. Let u be y(-6). Let m(a) = 8 - 3 + 1 + a. What is m(u)?
6
Let o = 8 - 13. Let u(q) = q**3 + 5*q**2 - 3*q - 3. Determine u(o).
12
Suppose -10 = -3*r - 5*m, 6*m = -3*r + 9*m - 6. Let j(d) be the third derivative of -2*d**2 + 0 - 1/12*d**4 + r*d + 1/2*d**3. Give j(5).
-7
Let c(r) = r**3 - 3*r + 1. Let h(o) = 3*o**3 - 10*o + 4. Let f(d) = -d**2 + 3*d - 2. Let u be f(3). Let t(l) = u*h(l) + 7*c(l). Give t(2).
5
Suppose -b - b = 0. Let q(j) = -j**2 + 0*j**3 - j + 20 + j**3 - 10. Determine q(b).
10
Let u be 0/(-2) + (-25)/5. Let i(o) be the first derivative of o**3/3 + 3*o**2 - 2*o + 8. Calculate i(u).
-7
Let c = -11 - -14. Let d(j) = -2*j + 3*j**2 + 12*j**c - 13*j**3 + 0*j. Suppose 2*u + u + 5*h - 6 = 0, 0 = -3*h. Calculate d(u).
0
Let l(a) = 4*a**2 + 9*a + 6. Let p(n) = 3*n**2 + 9*n + 5. Let k(c) = 2*l(c) - 3*p(c). Let j be k(-8). Let g(i) = i**3 - 4*i**2 - 5*i - 7. Determine g(j).
-7
Let y(j) = 5*j + 4*j - 4*j - 2 + 1. Calculate y(-2).
-11
Let t(w) = -36*w - 15. Let d(m) = 6 - 1 + 11*m - 4*m - 2. Let h(x) = -21*d(x) - 4*t(x). Give h(-2).
3
Let h(l) be the first derivative of -l**4/4 - 5*l**3/3 + l**2 + 4*l + 4. Let k be (-5)/((-5)/(-4)) + -1. What is h(k)?
-6
Let m(p) = -p**3 + 6*p**2 + 9*p - 10. Let z = 12 + -5. What is m(z)?
4
Let l(a) = a**3 - 4*a**2 + 3*a - 3. Suppose 57 = o + 53. Determine l(o).
9
Let q(p) = 10 - p**3 - 5 + 1 - p**2. Determine q(0).
6
Let u(b) = -2*b**2 - 13*b - 3. Let y be u(-6). Let x(l) be the second derivative of 5/6*l**y - l - l**2 + 0 + 1/12*l**4. Give x(-5).
-2
Let y(w) = 4*w - 3. Let l be y(-3). Let x = l - -11. Let j(a) = a**2 + 2*a - 2. Give j(x).
6
Suppose -2*j + 7 = -j. Let t(y) = y**2 - 8*y - 1. Give t(j).
-8
Let x(s) be the first derivative of -s**5/40 - s**4/12 - s**3 + 1. Let y(n) be the third derivative of x(n). Determine y(3).
-11
Let r(z) = -2*z**2 - 4*z + 7. Let g(d) = d**2 + 4*d - 6. Let l(w) = 3*g(w) + 2*r(w). Give l(3).
-1
Let j(l) = -l - l - 2 + 1. Suppose 0 = -2*t + 4, -4*c + t + 5 = -5. Let b = c - 2. What is j(b)?
-3
Let a be 3 + -3*3/(-9). Let d(g) = 2*g - 2 + 1 + a. Determine d(-3).
-3
Let w(i) = 15*i - 16*i + 5 + 0. What is w(-4)?
9
Let v(t) be the second derivative of -t**5/20 - 5*t**4/12 - t**3/6 - t**2 - 6*t. Calculate v(-5).
3
Let s(v) = v**2. Let c be s(0). Let r(a) = a - 4. Give r(c).
-4
Let b(v) be the second derivative of v**5/20 - v**4/3 - 7*v**3/6 + 7*v**2/2 + 9*v. Let t be (-1)/(-1 - -2) + 6. Determine b(t).
-3
Let t(i) = -i + 4. Let q = 2 + 0. Suppose -q*w + 4*p - 21 = -1, -25 = -4*w - 5*p. What is t(w)?
4
Suppose 2 = 5*y - 13. Let w(u) be the second derivative of u**2 - 5/6*u**3 - 3*u + 1/12*u**4 + 0. Give w(y).
-4
Suppose -3*c = 5*d - 26, -5*d + 10 = -3*d + c. Let u = -4 + d. Let p(b) = b - 1 - 3*b**2 + 4*b**2 - 2*b. Calculate p(u).
-1
Let u(q) = -q - 1. Let i be u(12). Let a = -18 - i. Let v(b) = -b**2 - 6*b - 2. Calculate v(a).
3
Let w(m) = 2*m + 4. Suppose 11*f = 7*f + 80. Let c = f + -23. What is w(c)?
-2
Let z = -81 + 84. Let g(n) = -n**3 + 4*n**2 - n - 1. What is g(z)?
5
Let d(y) = 5*y**2 - 4*y + 1. Let l(g) = 1 + 3*g**2 + 6*g**2 - 7*g - g + 2. Suppose 3*q + 9 + 3 = 0. Let k(z) = q*l(z) + 7*d(z). Calculate k(4).
-5
Let f(o) = 23 - 9 - o + 2 + 2*o. Give f(-12).
4
Let k(d) = -3*d**2 + 4 + 3*d**2 - d - d**2. Let h be (-6)/21 + (-2)/(-7). Suppose h = -10*l + 5*l. What is k(l)?
4
Let n(r) = -r**3 + 6*r**2 - r + 1. Suppose -2*m = 2, -9 = 5*s - 0*s - m. Let j be 6/(s/(-6)*3). Calculate n(j).
-5
Let i(n) = n + 5. Suppose -3*s + 4*c = -7, -c = -2*s + 3*s. Let o be s/5 + (-42)/(-15). Suppose 0 = -p - o*p. Determine i(p).
5
Let o = -14 + 19. Let x(k) = -2*k - 2*k + 5*k - o. Give x(-4).
-9
Let i(o) be the first derivative of -o**3/3 + 9*o**2/2 - 12*o - 1. Give i(8).
-4
Let d(m) = m**3 + m**2 + m + 1. Let q(w) be the third derivative of w**6/120 + w**5/30 + w**4/24 + 7*w**3/3 - 2*w**2. Let u(b) = 2*d(b) - q(b). Calculate u(0).
-12
Let z(c) = c - 3*c + 13*c - c. What is z(-1)?
-10
Let a(b) be the first derivative of -b**4/4 + 2*b**3/3 - 3*b + 10. What is a(3)?
-12
Let c(m) be the first derivative of -4 + m + 2*m**2 + m**3 - 1/4*m**4. Calculate c(4).
1
Let z(c) be the first derivative of c**4/4 - 5*c**3/3 - c**2 - 5*c - 27. Determine z(5).
-15
Let y(j) = 2*j + 6 - 1 - 3. Suppose 0 = -10*i + 2 - 42. Determine y(i).
-6
Let c(x) = -x - 6. Let d = 16 + -22. Let o(f) = 1. Suppose 3*j - 1 = -4. Let w(s) = d*o(s) + j*c(s). Calculate w(1).
1
Let p(j) = -j**3 + 3*j**2 + 5*j - 2. Suppose 0 = -z - 3*z + 20. Suppose 0 = g - z*g + 48. Suppose -g = m - 5*m. What is p(m)?
13
Let p be ((-45)/12 + 2)*-4. Let f(y) = -y + 5. Let x(q) = -q + 3. Let t(c) = p*x(c) - 4*f(c). What is t(1)?
-2
Let a(k) = -k + k**2 - 1 + 5*k - 2*k. What is a(-2)?
-1
Let o(n) be the second derivative of n**8/6720 + n**7/504 + n**5/20 - n**4/6 - n. Let c(v) be the third derivative of o(v). Give c(-5).
6
Suppose -3*v + 8 + 1 = -2*n, 0 = 4*v + n - 12. Let h(f) = -v + 0*f**3 - f**3 + 3*f**2 - f**2 + 3*f**2 - 5*f. What is h(4)?
-7
Let y = -17 + 19. Let v = 11 - 7. Let n(t) = 4*t + t**2 + y + t + v. Calculate n(-4).
2
Let x(q) be the second derivative of -q**6/360 + q**5/120 + 5*q**3/6 + 2*q. Let p(k) be the second derivative of x(k). Give p(1).
0
Let n(s) = 2*s**3 + 2*s**2 - s + 2. Suppose 6*q - q - 5*l + 15 = 0, -5*q - 5*l + 35 = 0. Calculate n(q).
24
Let l be (-9)/(-2)*(-8)/(-12). Suppose -l = 4*p - 7. Suppose 3*s - p = -7. Let c(y) = y - 2. Determine c(s).
-4
Let v(b) = b**2 - b - 1. Let u be v(-1). Suppose n + 3 + u = 0. Let q(z) = -z - 2. Calculate q(n).
2
Let r(t) = 5*t**3 + t + 1. Let k be r(-1). Let m(w) be the third derivative of 1/6*w**3 + 0 + w**2 + 1/10*w**5 + 1/120*w**6 + 7/24*w**4 + 0*w. Calculate m(k).
-9
Let x(h) = 6*h**3 - 2*h + 1. Let j be x(1). Suppose 13 - 33 = j*c. Let d(v) = v**2 + 4*v + 5. Calculate d(c).
5
Let s(q) = -q - 12*q**3 - 48*q**2 - 1 + 47*q**2 + 11*q**3. What is s(-1)?
0
Let d(o) be the first derivative of -o**4/4 - 5*o**3/3 - 3*o - 7. Suppose 5*k = -4*i + 19 - 52, 5*i = 5*k + 15. What is d(k)?
-3
Let v(h) be the first derivative of -2*h**3/3 - h**2/2 - 6. Give v(-1).
-1
Let b(g) be the third derivative of -g**5/60 + 5*g**4/24 - 5*g**3/6 + 7*g**2. What is b(7)?
-19
Let r be (-8)/(-4) - -4*2. Suppose -i = 5*c - 41, 5*c = 3*i - r + 47. Let q = c - 9. Let a(f) = f + 1. Determine a(q).
0
Suppose -2*j - 15 = 3*j. Suppose 5*k = 0, 12 = 2*l - 0*k + 4*k. Let i(a) = a - 7. Let q(d) = -3*d + 20. Let c(n) = l*q(n) + 17*i(n). Calculate c(j).
4
Let j(f) be the second derivative of -f**5/40 + f**3/2 - 2*f. Let m(v) be the second derivative of j(v). Give m(1).
-3
Let d(z) = -3*z + 15. Let w(a) = -a + 7. Let j(h) = -2*d(h) + 5*w(h). Let r be ((-24)/(-9) - 3)*0. Determine j(r).
5
Let c be ((-4)/(-10))/((-3)/(-60)). Suppose 3*h - 10 = c. Let n(k) = -k - 1. Let u(z) = -4*z + 4. Let g(y) = -3*n(y) + u(y). Determine g(h).
1
Let y(k) = 5 - 14 - 6*k + 2*k**2 + 12. Give y(4).
11
Let m(p) = 9*p + 25. Let l(o) = 4*o + 12. Let u(z) = 7*l(z) - 3*m(z). Suppose 4 = 5*b + c, 5*b + 6*c = 2*c + 16. Give u(b).
9
Let u(x) = -5 + 6 + 3 - x. Give u(5).
-1
Let i(m) = 1 + m**2 - 2 - 7. Let g be (-2)/(-6) + (-2)/(-3). Let k = 1 - g. Determine i(k).
-8
Let a(t) = t + 1. Let g(b) = b**2 + 10*b + 6. Let v be g(-8). Suppose 0*h + 3*s - 13 = -h, 4*h - s - 26 = 0. Let l = v + h. Determine a(l).
-2
Let a(q) = -q. Let t(y) = -2*y - 1. Let f(i) = -3*a(i) + t(i). What is f(5)?
4
Let a(n) be the first derivative of n**5/60 - n**4/4 - 3*n**3/2 + 2*n**2 - 6. Let z(l) be the second derivative of a(l). What is z(7)?
-2
Let q be 1 + 2*(-3)/(-6). Let i(l) = l**3 + 3*l - 3. What is i(q)?
11
Let o(t) = 1 - t**2 + 27*t - 15*t - t